 m - 47, 4*u - 101 = -3*i. Is u composite?
False
Let b(f) = 54*f**2 + 9*f + 124. Is b(-7) composite?
False
Suppose 3*f = 7845 + 15276. Suppose f = x + 2*x. Is x composite?
True
Let v be (-5*(0 - 1))/1*1. Suppose 0*r - 5*h = 5*r - 1645, -v*h = -5*r + 1665. Is r a prime number?
True
Let c(j) = 62*j - 17. Let q be c(8). Suppose -14*d + 15*d = q. Is d a composite number?
False
Let p(a) be the third derivative of 71*a**4/12 + 3*a**3/2 - 49*a**2. Is p(8) prime?
False
Let w(g) = 5*g**3 - 6*g**2 + 3*g + 3. Let d(c) be the second derivative of -c**3/6 + 15*c**2/2 - 7*c. Let n be d(11). Is w(n) a composite number?
False
Suppose -o + m + 4955 = -3*m, 2*m = 5*o - 24811. Is o composite?
True
Let c(v) = -6*v - 1. Let b(l) = l**2 + 6*l + 6. Let g = -11 - -7. Let r be b(g). Is c(r) prime?
True
Suppose 0 = 3*o + 2*t - 12985, 0*o - 5*t - 8644 = -2*o. Is o composite?
False
Let y(n) = n**3 + 17*n**2 + 20*n - 8. Let d be y(-17). Let u = 559 + d. Is u composite?
False
Let m(g) = -g**3 + 9*g**2 - 7*g - 9. Let u be m(8). Let i(z) = -9*z - 3. Let t(p) = 10*p + 4. Let b(h) = 5*i(h) + 4*t(h). Is b(u) composite?
True
Suppose 3*g - 5*g - 6 = 0, 0 = 4*p + 5*g + 57519. Is (5/(-2))/(4/p*3) a prime number?
False
Let w(t) = -27*t - 34*t + 5 + 21*t. Is w(-2) a prime number?
False
Let u = 106 - -27. Let w be (-80)/1*(-5)/2. Let m = w - u. Is m composite?
False
Let b = -31 + 331. Suppose 7*z - 1919 = b. Is z composite?
False
Let d(q) = 2*q + 6. Let n be d(2). Let x(f) = -12*f**3 - 27 + f**2 + n*f**2 + 13*f**3 - 3*f. Is x(-11) a prime number?
False
Suppose 3*t - 3634 = -0*t + l, 0 = 2*t + l - 2421. Is t prime?
False
Let x be 1 + -4 + 2 + 20. Let h be (1 - x)*3/6. Let f(l) = 4*l**2 + 3*l - 2. Is f(h) a prime number?
False
Suppose 4*k = -65 + 17. Let h = 28 + k. Suppose -t + 75 = -h. Is t a composite number?
True
Let j(k) = -2*k - 6. Let u be j(-5). Suppose 0 = 2*c - 3*r + r - 374, -u*c + r = -760. Is c composite?
False
Suppose 3*l - o + 430 = 3293, 1908 = 2*l - o. Is l prime?
False
Let q be (-24)/(-32) + 3490/8. Suppose 3*a = 196 + q. Is a a composite number?
False
Let w = -29 - -25. Let g be -3 + w + (3 - -5). Is 2/(-4)*(-514)/g a composite number?
False
Let j(s) = 3*s + 5*s**2 - 17 + 17*s**2 - s**2. Is j(-6) composite?
True
Let r(i) = i**3 + 7*i**2 - 5*i + 18. Let s be r(-8). Let w(m) = -2*m**3 - m**2 + 12*m - 5. Is w(s) composite?
True
Suppose 5*c = 4*i - 50312, -c = 5*i - 4*c - 62903. Is i a prime number?
True
Suppose r - 68 = -74. Let v(s) = -7*s**3 - 15*s**2 - 2*s - 5. Is v(r) prime?
False
Is 5996/(-6)*510/(-68) prime?
False
Let i be -556*((-2)/8 - (-3)/(-12)). Let d = i + 13. Is d a composite number?
True
Let n be ((-10)/(-10))/((-2)/(-16)). Suppose -n*d + 9*d = 18. Suppose 0 = -5*k + 2*k + d. Is k a composite number?
True
Suppose 5 = 2*p + 3, 2*p = -2*i + 2776. Suppose i + 697 = 4*c. Is c composite?
False
Suppose -2*z - 2*w + 95808 + 78004 = 0, -2*z + 5*w = -173847. Is z prime?
False
Let j(t) = 2*t - 1. Let v be j(2). Is 3503/5 - v/(-15)*2 a prime number?
True
Let r(j) = j**3 - 8*j - 70. Is r(19) a prime number?
True
Let w be 44/(-6) + (-2)/(-6). Let s be (-1)/w - 36/7. Is (-547)/(-5) - (-2)/s prime?
True
Suppose 6*q - q = -4*w - 9729, 3*w = 4*q - 7289. Let n = w - -3624. Is n a composite number?
False
Let g be (56 + 4)/((-8)/12). Suppose -q + 1 = -4, -5*j - 4*q = -55. Let w = j - g. Is w a composite number?
False
Suppose -36*l = -41*l + 3245. Is l a prime number?
False
Suppose 0 = -12*m + 726908 - 92756. Is m composite?
True
Suppose -h - 302 = k + 889, -3*h - 3571 = 4*k. Let r be 3/(-1 + 2) + (-12900)/(-20). Let b = r - h. Is b a composite number?
True
Let f be (-28)/2*11/(-2). Let j = f - 0. Is j a prime number?
False
Is 182539/8 - 21/56 prime?
True
Suppose 77 = 2*l - 103. Let w = l + 65. Suppose -1100 - w = -5*d. Is d a prime number?
True
Let b = -191 - -405. Let d = -74 - -225. Let s = d + b. Is s a composite number?
True
Let l(c) = 186*c - 8. Let k(u) = -92*u + 5. Let m(h) = -7*k(h) - 4*l(h). Let w(a) = -2*a + 6. Let o be w(7). Is m(o) composite?
False
Let o = -507 - -774. Suppose 2057 = 4*d - o. Is d prime?
False
Is -8 + 84/10 + 21129/15 a prime number?
True
Let c be 5*-1*18/(-30). Suppose 0 = 2*q - 2*t - 680, q - c*t - 32 = 302. Let p = q + -158. Is p prime?
False
Let o be (-1*1 + -31)/(-1). Suppose 4*a - 4*z + z = -78, -3*z - 69 = 3*a. Let l = a + o. Is l a prime number?
True
Let t = -31927 - -54824. Is t a composite number?
True
Let z = 11 + -9. Is z/(-7) - (16958/7)/(-2) composite?
True
Let q(r) = r**2 + 2*r. Let i be q(-2). Let c be (-1)/(4/(-8)) + i. Suppose c*t - 769 = -t - 5*n, 3*t = 2*n + 755. Is t a composite number?
True
Let f(c) be the third derivative of -7*c**4/4 - 5*c**3/6 - 26*c**2. Is f(-13) a prime number?
True
Let j be 6*(87534/4)/9. Suppose -7*x - 2*x = -j. Is x a composite number?
False
Suppose -5*k = 4*w - 8*k - 72170, 5*w + 4*k = 90197. Is w prime?
True
Suppose 53*b = 58*b - 9805. Is b a composite number?
True
Is (1 - (4 - -7)) + 8363 prime?
True
Suppose 5*i - 4*q - 705 - 434 = 0, 5*i + 2*q = 1133. Suppose 0 = 5*o + i + 713. Let g = o + 561. Is g a composite number?
False
Suppose 0 = -5*v + 4*v + 840. Let l = v - 161. Is l prime?
False
Is (-36)/45*1*(-6285)/6 composite?
True
Let w(y) = -3 + 162*y - 2 + 6 + 0. Let r be w(4). Let g = r + -446. Is g a prime number?
False
Let d(q) = 45*q**2 - 17*q - 115. Is d(-16) composite?
False
Let y = 5 + -3. Suppose 4*h + 926 = y*q, q + q = 2*h + 936. Is q a prime number?
False
Suppose -5*j + 5 = -5. Suppose -4*k = 2*q + 86, 0 = -5*k + j*k + 5*q - 71. Let i = 53 + k. Is i a prime number?
True
Let z = 13939 + -3384. Is z a composite number?
True
Suppose 5*o - 31 = -2*w, 7 = 5*o - 8. Suppose -w*m + 1644 = -2*m. Suppose 2*s = 4*i + m, -i + 169 = 2*s - 120. Is s composite?
True
Let l = 3037 + 2477. Suppose 5*r + r = l. Is r a composite number?
False
Suppose -4*r = 38 + 22. Let s be (r/4)/(-3)*-4. Is ((-634)/2)/(5/s) a prime number?
True
Let k = 552 - 358. Let z = 31 - 86. Let y = k + z. Is y prime?
True
Suppose 112*u - 4*y + 14855 = 113*u, -14837 = -u + 2*y. Is u prime?
True
Let r = -1367 + 3412. Suppose -3*o - 1636 = 4*f, -f - r = 4*f + o. Let q = -224 - f. Is q a composite number?
True
Suppose 126*q = 119*q + 3997. Is q a composite number?
False
Let m be 0 + ((-61)/1)/(-1). Let r = 30 + m. Is r prime?
False
Is ((-300)/90)/(2/(-11391)) composite?
True
Let p be -1 + 486 + -5 + 2. Let t be (p/6)/(7/(-168)). Let c = -1041 - t. Is c prime?
True
Let t(y) = 36*y - 1. Let s be t(4). Suppose -24*v = -30*v + 312. Let u = s - v. Is u prime?
False
Suppose -3*q + 70505 = 58*n - 56*n, 0 = -2*q + 4*n + 46998. Is q composite?
True
Let k = 0 + 2. Suppose 6*z = 2*n + k*z - 48, 0 = 5*z. Is n - 3 - (-1)/1 composite?
True
Let g = -3991 + 6120. Let k = g - 1252. Is k prime?
True
Let g(b) = b**3 + b + 41. Let y be g(0). Suppose 2 = -s + y. Let p = s - 18. Is p prime?
False
Let n(a) be the second derivative of a**5/5 - a**3/2 + 2*a**2 + 5*a. Let f be n(3). Let v = -34 + f. Is v prime?
False
Suppose 4*l = -g + 493, -1463 = 24*g - 27*g + 4*l. Is g a prime number?
False
Let b(n) = 408*n**3 - 2*n**2 - 13*n + 5. Is b(4) a composite number?
True
Suppose -17408 = -2*a + 2*s, -4*a - 5*s + 41015 = 6190. Is a a prime number?
False
Let b be (19 + -3)*(-2)/(-4). Let z(a) = 2*a**3 - 10*a**2 + 5*a - 2. Let d be z(b). Is (-40)/(-16)*d/5 prime?
True
Let i(q) = -q**3 - 2*q**2 + 6*q + 5. Let h be i(-3). Let s = h + 1661. Is s composite?
False
Let x(r) = -r - 10. Let g be x(-12). Suppose -n + 258 = -3*d + g*d, -25 = -5*d. Is n composite?
False
Let s(n) = -n**3 - 2*n**2 + 15*n - 11. Let q be s(12). Let a = -1108 - q. Is a composite?
False
Let h = -162689 + 247555. Is h a composite number?
True
Let s = 6 + -1. Suppose -4*w = -s*j + 15574, 2*j + 3*j + w - 15594 = 0. Is j a composite number?
True
Let u(p) = -p**3 + p**2 - p. Let c be u(0). Suppose 3*b - b - 6 = c. Is 37*1/3*b a composite number?
False
Is (-117)/(-54)*9124*3/2 a composite number?
True
Let f = 100292 - 20611. Is f a composite number?
True
Suppose 0 = 2*h + 10, -w - w - 2*h = 6. Suppose -1062 = -w*l - 296. Is l a composite number?
False
Suppose 0 = 4*l + 4*d - 11696, -2504 + 8343 = 2*l - d. Is l a composite number?
True
Let d = -8 + 10. Suppose o + 1714 = 6*o + 3*l, 335 = o - d*l. Suppose -